7*g - 6. Let q be 8/(-6 - (-266)/35). Calculate x(q).
-16
Let n(z) = -3*z - 65. Let y be n(-10). Let p be (y/20 - -1) + 2/(-8). Let h(r) = 2*r - 1. Calculate h(p).
-3
Let n(u) = -u**3 + 6*u**2 + 14*u - 1. Let z(v) = -105*v - 3353. Let o be z(-32). Calculate n(o).
48
Let r = -292 - -413. Let v(g) = g**2 - 28 + 26 - 114*g + r*g. Determine v(-6).
-8
Let n(h) = -3*h**3 - 2*h**2 + 3*h + 3. Let f = 352 - 346. Let o(u) = u**3 - 11*u**2 + 29*u + 4. Let y be o(f). What is n(y)?
13
Let y(j) be the first derivative of -j**4/12 + j**3 - 143*j + 82. Let b(k) be the first derivative of y(k). Let c = 10 + -3. Calculate b(c).
-7
Let b(s) be the second derivative of -s**4/12 + s**3/3 + s**2/2 + s. Suppose 0 = 4*y + 59 - 19. Let k be (y/12)/(7/(-42)). Determine b(k).
-14
Let f = -446 + 452. Let m(i) = -11*i + 33*i - f - 10*i + 3. What is m(2)?
21
Let a(u) = -135*u + 1488. Let l be a(11). Suppose 2*k + 3*k + o - 14 = 0, 12 = -4*k + 5*o. Let n(p) = p - 2*p - 4*p + k. Determine n(l).
-13
Let d(v) be the second derivative of -1/12*v**4 + 9/2*v**2 + 0 - 43*v + 4/3*v**3. Determine d(10).
-11
Let b(x) = -x**3 - 9*x**2 - 3*x - 23. Let w be b(-9). Let d(l) = 3*l + 2 + w + l**3 + 17*l**2 - 2 - 23*l**2. What is d(5)?
-6
Let o = -8 + 0. Let h = o + 7. Let v(i) = 6*i**2 + 2*i**2 - 16*i**2 + 11*i**2 + i. What is v(h)?
2
Let s(l) = -99*l - 199. Suppose -8 = 63*t - 30*t - 29*t. What is s(t)?
-1
Suppose 51 = 35*i - 54. Let l(h) = 8988*h**3 - 8989*h**i - 2*h**2 + 1 - h**2 + 6*h. Give l(-4).
-7
Let a(t) = t**2 + 14*t + 18. Let b = 1585 + -1597. Calculate a(b).
-6
Let c(x) = -9*x**2 + 3629*x + 3*x**3 - 1 - 2*x**3 - 3631*x - 3. Calculate c(9).
-22
Suppose -a - 16 = -2*x, 5*a - 16 = -2*x + 3*a. Let f(h) = -20 + 17 + x + 2*h. Determine f(-5).
-5
Suppose -15 = 4*g - i, 4*i - 5*i = 1. Let r(a) be the first derivative of -3*a**2/2 - 7*a - 47. Determine r(g).
5
Suppose 10 = 2*m - 6. Suppose -a + 28 = -m*a. Let p(r) be the second derivative of -r**4/12 - 5*r**3/6 + r**2/2 - 6*r. Give p(a).
5
Let b(u) = u**2 + u + 1. Let a(p) be the first derivative of -4*p**3/3 - 5*p**2 - 4*p + 272. Let h(g) = -a(g) - 6*b(g). Determine h(4).
-18
Let i(h) = h**2 + 15*h + 5. Suppose -316*j - 3492 = 72*j. What is i(j)?
-49
Let n(i) = 3590 - 4*i + 3590 - 7181. Let c be (-2)/16*6*12. Let x(l) = l**2 + 8*l - 12. Let f be x(c). Determine n(f).
11
Let t(f) = -f**2 - 15*f + 8. Let o be (42/35)/(-6) - 552/40. Give t(o).
22
Let t(b) = 13*b + 117. Let z be t(-8). Let w(k) = 7 - 22 + z - 2*k. Give w(0).
-2
Let b be (1 - 3) + 3 - -9. Let f = 3 - b. Let s(l) = 15*l - 33*l + 17*l - 2. Give s(f).
5
Let l(v) = 21 - 6 - 14 - 12*v + 13*v + 3. Suppose -2*z - 3*f = -3*z - 4, -2*f = 0. Give l(z).
0
Let i(l) = -7*l - 6. Let b(q) = -64*q - 56. Let d(g) = -3*b(g) + 28*i(g). Suppose -24 - 4 = 7*r. Let t be (8/r)/(2 - 3). What is d(t)?
-8
Let c be ((-6)/4)/(10/(-240)). Let b(n) = -2*n - n**2 + 12 - c - 2*n + 30. Determine b(-6).
-6
Let u(v) = -17*v**2 + 1. Suppose 5*t - 4*y = 45, 9 + 6 = 2*t - y. Let l(h) = 2*h**2 - 2*h + 3. Let s be l(6). Suppose -s*i + 68*i - t = 0. What is u(i)?
-16
Let k(h) = -6*h**3 + 17*h**3 + 4*h**2 - 5 - 10*h**3 + 4*h. Let o(j) = -2*j**3 - 8*j**2 - 7*j + 9. Let t(m) = -5*k(m) - 3*o(m). What is t(-3)?
4
Let h(f) be the second derivative of f**8/6720 - f**7/420 - f**6/120 - f**5/40 + f**4/4 + 3*f**2 - f - 8. Let a(c) be the third derivative of h(c). Give a(7).
4
Let o be (-30)/(-5) - 9*(6 - (-53)/(-9)). Let z(n) = -n**3 + 7*n**2 + 9*n - 88. Determine z(o).
7
Suppose -l + 3 = -7*t + 2*t, -4*l = 2*t - 12. Let p(d) = l*d + 9 - 5 + 1 - 4*d. What is p(7)?
-2
Let o(l) be the first derivative of l**4/4 + 5*l**3/3 - l**2/2 + l - 5144. Determine o(-3).
22
Let q(t) = -2017 + 7*t**2 - 6*t**2 + 1773 - 12*t. Determine q(-11).
9
Let h(l) = -13*l**2 - 2*l - 5. Let r(n) = 19*n**2 + 3*n + 7. Let g(t) = 7*h(t) + 5*r(t). Let x be 36/(-90) + (-6)/10. Let f be g(x). Let i(s) = -s. Give i(f).
-3
Let h(t) = -t**2 - 2*t + 2. Let w(q) = 5*q**2 + 2*q + 5. Let n(g) = 4*h(g) + w(g). Give n(5).
8
Let q(s) = 4*s + 16*s**2 - 5143 - 5*s**2 - 10*s**2 + 5147. Determine q(-4).
4
Let b(a) be the third derivative of -a**4/24 - 19*a**3/3 - 7859*a**2. Calculate b(20).
-58
Suppose -166*l - 30 = -171*l. Let h(r) = 2 + 5*r**3 + l*r + 0 - 4*r**3 + 6*r**2 + 1 - 7*r. What is h(-7)?
-39
Let v(j) = -j**2 - 40*j + 377. Suppose l - 3*x = -57, 45*x - 48*x = -3*l - 153. Determine v(l).
-7
Let z(j) = -j**3 - 19*j**2 - 22*j - 7. Suppose -73*m = -237 + 1551. Determine z(m).
65
Let k(i) = i**2 - 27. Let a be k(5). Let u be (-148)/(-56)*44 - a/(-7). Let h = u + -126. Let z(t) = t + 7. What is z(h)?
-3
Let n(j) = -18*j - 9. Let w be (-2)/(-4)*(8 + 8/(-2)). Give n(w).
-45
Let z = 18 - 11. Let c(b) be the third derivative of 1/10*b**5 + 7/24*b**4 + 1/3*b**3 + 0 - 1/120*b**6 + 14*b**2 + 2*b. Calculate c(z).
2
Suppose -5*v - 3*u + 12 = 0, 2*u = 3*v + v - 14. Let b(r) = -4*r**2 + 2*r**v - 2 - 2*r - 7*r**3 - 2 + 4*r**3. Determine b(-4).
4
Let f = 238 - 236. Let y(x) = 0*x**f + 107*x - 113*x + x**2 + 9. Give y(4).
1
Suppose 0 = 3*q + t - 947, 2*q + 5*t - 730 + 90 = 0. Let d = 318 - q. Let x(w) = 4*w**2 + 2*w - 1. Give x(d).
41
Let j(u) = 4*u**2 + u + 7. Let m(q) = 3*q**2 - 5*q - 1. Let o(a) = a + 1. Let h(y) = m(y) + 6*o(y). Let k(g) = 3*h(g) - 2*j(g). Give k(-4).
13
Let j(p) = -p - 3. Let q(n) = 4*n**2 - 22*n + 115. Let k(m) = -5*m**2 + 21*m - 113. Let y(w) = 3*k(w) + 4*q(w). Let o be y(18). Calculate j(o).
2
Let t(x) = x - 1. Let d be 18/4*-2*4. Let p be (3 - 2)/(-1 - (-120)/117). Let l = p + d. Give t(l).
2
Let o(a) = -a**2 - 11*a - 21. Suppose 4*k = -5*z - 15, 0 = -2*z + 5*z - 3. Give o(k).
9
Let h(g) = -21*g**3 + g**2. Let y = -94 - -22. Let o be (18/y)/(2/8). What is h(o)?
22
Let x be (3 + (-6)/10 + -2)*30. Suppose 267*s = 271*s + x. Let j(v) = v**2 - v. Let p(w) = 7*w + 1. Let b(h) = 3*j(h) + p(h). Give b(s).
16
Let i(h) be the first derivative of -5*h**2/2 - 9*h - 37. Calculate i(-3).
6
Let p(w) be the third derivative of -w**5/60 - 7*w**4/12 - 25*w**3/6 - 1973*w**2. Give p(-9).
20
Let w(d) = -8*d - 31. Let b = -15830 - -15815. What is w(b)?
89
Suppose -22*l + 8*l = -28. Let r(a) = 2 - 3*a - 3*a + l + 2. Give r(2).
-6
Let s(o) = -7*o**2 - 17*o - 1. Let f(i) = 20*i**2 + 49*i + 4. Let v(l) = 6*f(l) + 17*s(l). Let k be (9 + -9)/(-8) - 2. Determine v(k).
1
Let a(j) be the second derivative of j**4/6 - 7*j**3/2 - 29*j**2/2 + 31301*j. Let u be 232/20 - (-2)/5. Calculate a(u).
7
Let g(c) be the second derivative of c**4/12 + 2*c**3/3 - 3*c**2/2 + 48*c + 2. Let y(k) = -k**2 - 3*k + 4. Let a(m) = 3*g(m) + 4*y(m). Determine a(0).
7
Let t(g) = -147*g + 75. Let z(v) = -80*v + 37. Let u(s) = -4*t(s) + 7*z(s). Give u(5).
99
Suppose -4*s + 62 = -2*s. Let i = s - 25. Let d(f) = f**2 + 3*f + 8. Let z(j) = j**2 + 2*j + 7. Let w(x) = i*z(x) - 5*d(x). Calculate w(5).
12
Let v(i) be the third derivative of 0 - 1/4*i**4 - 31/6*i**3 - 27*i**2 + 0*i. Let g be v(-5). Let l(x) = 7*x**3 - x**2 - x - 1. What is l(g)?
-8
Let y(z) = -2*z - 1. Let d(r) = -r**3 - 7*r**2 + 24*r + 11. Let n(a) = -d(a) - 6*y(a). What is n(-8)?
27
Let c(z) = -8*z**2 - 6*z + 2. Let w(f) be the first derivative of -f**2 + f + 55. Let d(g) = -c(g) + 3*w(g). Calculate d(-1).
9
Let h = -3058 + 3042. Let w(l) = 4*l + 62. Determine w(h).
-2
Let g(n) be the third derivative of -7*n**4/24 - n**3/2 + 3*n**2. Suppose -3*s - 22 = -5*d + 4*d, -3*s - 20 = -2*d. Calculate g(d).
11
Let x(b) = -32*b**2 - 66*b + 32. Let d(m) = -25*m**2 - 65*m + 31. Let t(j) = -5*d(j) + 4*x(j). Determine t(20).
-7
Let j(b) = -117*b**2 + 5*b - 4. Let z be j(1). Let l = -65 - z. Suppose 0 = -3*n + 45 - l. Let o(v) = -v**3 - v**2 - v + 2. Calculate o(n).
8
Suppose 2*p - 4*s = 3*p + 13, 2*p + 20 = -5*s. Let j be -11 + 1 + (-3 + -2 - p). Let n(d) = d**2 + 11*d + 9. Calculate n(j).
-1
Suppose -2*h = -h - 1. Let i(o) = o**3 - o**2. Let x be i(h). Let p(r) = -5*r + 33. Let a(d) = 2*d - 15. Let u(y) = 7*a(y) + 3*p(y). Calculate u(x).
-6
Let m(y) be the first derivative of y**2/2 - 12*y - 900. Give m(-12).
-24
Let b(w) = 2*w + 2. Let u be -1 - 808/(-20) - (-4)/(-10). Suppose s = 43 - u. Suppose -36 = 4*k - s. Calculate b(k).
-14
Let i = -16235 + 16174. Let j(k) = -k**3 - 59*k**2 + 124*k + 115. Calculate j(i).
-7
Suppose -2*y + 3*c + 6 = 0, 5*y + 3*c = y - 2